visor of z and x.
25
Let p = 30418 - 27131. What is the greatest common factor of p and 38?
19
Let c(r) = 3*r**3 - 45*r**2 + 133*r - 15. Let k be c(12). Calculate the greatest common divisor of 3895 and k.
95
Suppose -26 = -x + 6. Let v(s) = -2*s**2 - s + 0*s**3 + 2*s**3 - 11*s + 11*s - 2. Let f be v(2). What is the greatest common divisor of x and f?
4
Suppose -7*q = 5*h - 8*q - 266, -182 = -3*h - 5*q. Suppose 0 = 59*x - h*x - 160. What is the greatest common divisor of x and 160?
32
Suppose 4*h - 896 = -5*n - 210, 3*h + 5*n - 522 = 0. Calculate the highest common factor of 30668 and h.
164
Suppose 0 = -59*o + 393 + 1579 + 683. Calculate the highest common divisor of 645 and o.
15
Let s = 32022 - 24987. Calculate the highest common divisor of 84 and s.
21
Suppose -5*r - 53 = -d, -4*r = -4*d + 2*d + 70. Suppose 2*g + 0*g = -38. Let i = g + d. What is the highest common factor of 28 and i?
4
Let x be (-29 + 805/7)*156/2. Calculate the highest common factor of 13 and x.
13
Let a be ((-110)/4)/((-1)/6). Let p(g) = 2*g**2 + 42*g + 60. Let d be p(-20). Let k be d*2*93/248. What is the highest common divisor of k and a?
15
Suppose -725 - 967 = -18*i. What is the greatest common factor of i and 10?
2
Suppose 196*v - 103*v + 925365 = 142*v. What is the greatest common factor of 15 and v?
15
Suppose -184*p + 656962 = 369*p - 380466. Calculate the highest common divisor of 112 and p.
28
Suppose -3*h = -h - 5*d - 4, 0 = 4*d + 8. Let p be 11 + (3 + -2)*h. Suppose 5*i = p - 3. What is the highest common divisor of i and 9?
1
Let u = -193 + 198. Suppose 0 = -u*d + 4*y + 510, 5*d + 5*y - 269 = 2*d. Calculate the highest common factor of 84 and d.
14
Let c(g) = -2*g**2 - 6*g + 14. Let j be c(11). Suppose -2*i = -7*i - 60. Let p be (i/14)/(7/j). Calculate the highest common divisor of 4 and p.
4
Let v(x) = -158*x - 14. Let j be v(-9). Suppose 3*a - j = 2*a. Suppose 2*c = 6*c + 4*z - a, 1760 = 5*c - 4*z. What is the highest common divisor of 32 and c?
32
Suppose 4*a + 68 = 4*m, 0 = -5*m + 9*a - 6*a + 73. Calculate the greatest common divisor of 704 and m.
11
Suppose 5*x = 5 - 0. Let w be -42*(x*(-6)/4)/3. What is the highest common factor of 168 and w?
21
Suppose 0 = -3*j - 775 + 34. Let q = j - -302. Calculate the highest common divisor of q and 10.
5
Let q be (-5)/(25/2) + (-1627)/(-5). Suppose 19*h - q = 435. What is the greatest common divisor of 88 and h?
8
Suppose 0 = 4*y - 3*g + 7, 2*y - 5*g + 18 = -3. Suppose -5*u + 148 + 2 = 0. Calculate the highest common divisor of u and y.
2
Let l = -44 + 44. Let v(f) = -f**3 - f**2 + 2*f - 280. Let y be v(l). Let r be (y/15)/(4/(-30)). Calculate the highest common factor of 56 and r.
28
Suppose 0 = 174*b - 183*b + 49842. What is the highest common divisor of 78 and b?
78
Let j be (-15320)/(-80)*(-2 - 0). Let w = j + 398. Let z be (-4)/(-14) - 136/(-14). Calculate the greatest common divisor of w and z.
5
Suppose -14 = -4*h - 38. Let v be h*(-4)/8 - -1. Suppose -4*b = -4*j - j - 168, -v*j = 0. Calculate the highest common factor of b and 462.
42
Let x = -12075 - -12093. What is the greatest common factor of 29790 and x?
18
Let r = -33 - -23. Let a = -23 - r. Let m be a/2*((-6)/1)/3. What is the highest common factor of 13 and m?
13
Let c(i) = i**3 - 10*i**2 + 15*i + 13. Let w be c(8). Suppose -r + w*q + 849 = 2*q, -q = 2*r - 1691. What is the greatest common factor of r and 18?
18
Let i = -170 + 183. Suppose -i*n - 8*n = -567. What is the greatest common divisor of n and 243?
27
Suppose -3*f + 5*z = -3336, 5*z - 1072 = -232*f + 231*f. Calculate the greatest common divisor of f and 950.
38
Let w be 18/(-4)*12/9. Let u be (40/w)/((-28)/(-294)). Let n be u/(-4) - (-1)/2. Calculate the highest common factor of n and 54.
18
Let n = 15364 + -14374. Suppose -3*l + 35 = 2. Calculate the greatest common factor of l and n.
11
Let v(j) be the third derivative of 7*j**5/15 + 4*j**2 - j. Let m be v(-1). Calculate the highest common factor of m and 154.
14
Let i = -11411 - -11414. What is the greatest common factor of 57 and i?
3
Suppose -3*r = 4*d - 2927, 157*d - 160*d - 5*r = -2198. Calculate the highest common factor of 43 and d.
43
Suppose -h + 2*n = -430, -2484 = -4*h - n - 764. Let j = -209 + h. Calculate the greatest common factor of 13 and j.
13
Let n(f) = f**3 - 22*f**2 + 2*f + 278. Let b be n(0). What is the greatest common divisor of 18 and b?
2
Let v be 2 + (-20)/100 + (-2)/(-10). Suppose 358 = 4*b + v*t, 2*t + 12 = 6*t. What is the highest common factor of 4 and b?
4
Let y be 276*((-1)/16)/(5/(-60)). What is the highest common factor of 759 and y?
69
Suppose -106*d + 54*d = -75*d + 1633. What is the highest common divisor of 9301 and d?
71
Suppose 8*y - 2*y - 561 - 915 = 0. What is the greatest common factor of y and 6478?
82
Let w(k) = -804*k + 6332. Let m be w(5). What is the greatest common factor of 16 and m?
8
Let l(g) = -43*g - 150. Let x be l(-15). Calculate the highest common divisor of 3 and x.
3
Let c(h) = -38*h - 52. Let k be c(-5). What is the greatest common divisor of k and 483?
69
Suppose 4*l + 56 = 11*l. Let m be 1/2*l/(-12)*-66. Let o(n) = 19*n - 7. Let v be o(5). Calculate the highest common factor of v and m.
22
Suppose -30 = 13*s - 8*s. Let z = 9 + s. Suppose -4*l + 2*v = -14, -v + z = -2. Calculate the greatest common divisor of 30 and l.
6
Let m(q) = 8*q + 65. Let y be m(-8). Suppose y = -1406*p + 1407*p. What is the highest common factor of p and 94?
1
Let f(k) = 14*k + 13. Suppose 0 = -5*p - 2*g + 16, -6*p + 11*p - 24 = 2*g. Let i be f(p). What is the greatest common factor of 3 and i?
3
Suppose -2*c = 3*y - 2656, -8*y + 4*c + 876 = -7*y. What is the greatest common divisor of y and 364?
52
Suppose 4*g - 5*s = 13, 0 = g - 5*s - 5 - 2. Let m be (284/(-3)*(-3438)/(-15280) - -18)/((-2)/20). What is the greatest common factor of g and m?
1
Let x = -25944 + 25966. Calculate the highest common factor of x and 9141.
11
Suppose -28 = -5*t - q, -2*t - 2*q + 20 = -6*q. Let s(z) = -4*z**3 - 241*z**2 - 58*z + 136. Let p be s(-60). What is the greatest common factor of p and t?
2
Let j = -1804 + 2008. What is the greatest common factor of 132 and j?
12
Let d = -23 - -118. Let o = 2549 + -2511. What is the highest common factor of d and o?
19
Let j(a) = 37*a + 173. Let p be j(3). Let z = -282 + p. Calculate the greatest common factor of 22 and z.
2
Let y be (-2 + (-45)/12 - 0)/((-107)/118556). Calculate the highest common divisor of y and 23.
23
Let u(r) = 215*r + 897. Let k be u(22). Calculate the highest common divisor of 17 and k.
17
Suppose 30*k - 29*k + 102 = 0. Let o = 119 + k. Calculate the greatest common divisor of 51 and o.
17
Suppose 3*z + 26 + 180 = k, 3*k - 4*z = 643. Let r(i) = i**3 - 9*i**2 + 3*i + 7. Let h be r(9). Calculate the highest common divisor of k and h.
17
Let m(g) = 2*g**3 - 3*g**2 - 13*g + 32. Let w be m(6). Suppose 0 = -w*b + 275*b + 204. Calculate the highest common divisor of b and 374.
34
Suppose 26*v - 5369 = -33*v. Calculate the highest common factor of 364 and v.
91
Suppose 15*b - 20*b - 5 = 0. Let o(j) = -2*j**3 - 2*j**2 - 2*j - 1. Let g be o(b). Calculate the greatest common divisor of 26 and g.
1
Suppose 3*b - 5 = -2. Let v(x) = 33*x. Let j be v(b). Let z(l) = 83*l + 343. Let r be z(-4). What is the highest common factor of j and r?
11
Suppose 0*p = 4*p - 1200. Let j = -26252 - -26264. Calculate the greatest common factor of p and j.
12
Let u(g) = g**2 - 10*g - 21. Let n be u(-5). Suppose 10*k - k = n. What is the greatest common factor of k and 33?
3
Suppose -4*j - 24 = b, -4*b + 78 - 83 = 3*j. Suppose 3*a - a = 84. Calculate the greatest common factor of b and a.
2
Let w = -165 - -172. Let x(d) = -d**2 - 13*d + 151. Let p be x(w). Calculate the highest common factor of 2 and p.
1
Let b(m) = -m**3 + 13*m**2 - 15*m - 1. Let g be b(12). Let x = g - -51. Calculate the greatest common divisor of 77 and x.
7
Let m be 1*3*55/33. Suppose -m*c = -2*c + 15. Let p be c/(-10) - 2/(-4). What is the highest common factor of 8 and p?
1
Suppose -2*w = p - 186, 192 - 24 = 2*w - 2*p. Let t = 28 - -26. Calculate the highest common factor of t and w.
18
Let h = -45 + 115. Suppose 5*f = 2*j - h, 2*f = 2*j - 4 - 60. What is the highest common divisor of j and 75?
15
Let b(x) = x**3 + 